NOAA-Style Climate Reports

Select a Year or Month report
2021: Jan Feb Mar Apr May Jun Jul Aug Sep Oct Nov Dec
2020: Jan Feb Mar Apr May Jun Jul Aug Sep Oct Nov Dec

Report for 2020 March
                   Monthly Climatological Summary for Mar 2020

Name: KNCCARY10   City: Cary   State: NC
Elevation: 420 ft  Lat: N 35° 48' 38"   Lon: W 078° 54' 58"

                  Temperature (°F), Rain (in), Wind Speed (mph)

                                      Heat  Cool        Avg
    Mean                              Deg   Deg         Wind                 Dom
Day Temp  High   Time   Low    Time   Days  Days  Rain  Speed High   Time    Dir
----------------------------------------------------------------------------------
01  42.5  61.0   15:10  23.8   06:50  22.5   0.0  0.00   1.0  20.0   15:20     E
02  56.0  70.3   12:50  40.3   05:30   9.6   0.6  0.00   5.1  36.0   11:40   ENE
03  57.5  63.6   12:20  52.7   23:40   7.5   0.0  0.32   3.0  30.0   09:30     E
04  52.7  62.0   12:50  42.2   07:10  12.3   0.0  0.00   0.8  14.0   15:00     E
05  49.6  56.2   14:13  45.0   06:42  15.2   0.0  0.08   1.1  22.0   09:30    SW
06  47.8  60.5   12:40  37.5   06:39  17.2   0.0  0.00   3.3  30.0   12:32   WSW
07  44.9  56.7   15:32  32.9   23:54  20.1   0.0  0.00   2.0  20.0   13:02   WSW
08  46.3  65.2   16:07  26.5   07:28  17.9   0.0  0.00   1.3  18.0   15:09     E
09  54.7  70.8   15:10  37.0   06:10  11.3   1.0  0.00   3.5  36.0   12:59     E
10  61.6  70.4   12:18  56.7   04:19   4.0   0.5  0.03   4.0  40.0   12:19     E
11  64.7  77.8   14:45  51.9   07:22   3.8   3.5  0.00   1.2  22.0   15:53     E
12  61.6  75.5   15:50  50.5   06:20   5.3   1.9  0.00   0.4  12.0   09:48    SW
13  67.7  76.6   15:50  60.7   23:40   0.6   3.3  0.04   2.2  26.0   00:30     E
14  62.2  71.1   14:26  53.9   08:10   3.6   0.8  0.00   1.0  20.0   09:20    SW
15  55.5  61.2   00:33  48.7   23:58   9.5   0.0  0.00   3.0  22.0   07:54    SW
16  51.7  60.6   15:00  45.1   03:28  13.3   0.0  0.00   1.1  18.0   00:01    SW
17  54.9  62.2   16:53  50.2   07:32  10.1   0.0  0.00   1.4  20.0   12:38     E
18  57.0  68.1   16:10  45.4   07:03   8.3   0.4  0.01   1.4  26.0   10:08    SW
19  69.5  83.6   16:47  59.1   05:30   1.5   6.0  0.02   2.8  24.0   12:41     E
20  76.0  88.7   15:58  65.5   07:10   0.0  11.0  0.01   6.6  42.0   14:17     E
21  64.6  75.4   16:00  51.3   23:58   2.5   2.1  0.19   2.4  26.0   19:16    SW
22  52.2  58.7   15:12  46.4   23:59  12.8   0.0  0.08   4.5  24.0   19:13    SW
23  47.4  50.6   23:57  43.6   06:42  17.6   0.0  0.45   0.1  10.0   06:02   ESE
24  52.6  56.5   14:58  50.0   07:14  12.4   0.0  0.34   1.1  20.0   23:58    SW
25  51.0  58.4   16:52  47.5   07:47  14.0   0.0  1.04   1.5  28.0   02:54    SW
26  52.9  63.1   16:49  47.8   07:20  12.1   0.0  0.00   1.2  22.0   14:43     E
27  66.2  84.5   17:36  50.5   00:00   3.9   5.1  0.00   2.9  26.0   10:21     E
28  76.4  92.2   15:37  61.6   07:33   0.2  11.7  0.00   2.5  26.0   16:51     E
29  78.2  90.7   15:59  68.8   07:30   0.0  13.2  0.00   4.7  34.0   14:58     E
30  70.5  80.0   15:37  62.0   23:28   0.2   5.7  0.00   1.9  28.0   15:03   ESE
31  54.6  62.3   00:00  46.2   22:27  10.4   0.0  0.26   3.8  24.0   10:25    SW
----------------------------------------------------------------------------------
    58.1  92.2    28    23.8     1   279.7  66.8  2.87   2.3  42.0    20     ESE

Max >=  80.0  6
Max <=  32.0  0
Min <=  32.0  2
Min <=   0.0  0
Max Rain: 1.04 on day 25
Days of Rain: 13 (>= 0.01 in)  6 (>= 0.10 in)  1 (>= 1.00 in)
Heat Base: 65.0  Cool Base: 65.0  Method: Integration