NOAA-Style Climate Reports
Select a Year or Month report
2024: Jan Feb Mar Apr May Jun Jul Aug Sep Oct Nov Dec
2023: Jan Feb Mar Apr May Jun Jul Aug Sep Oct Nov Dec
2022: Jan Feb Mar Apr May Jun Jul Aug Sep Oct Nov Dec
2021: Jan Feb Mar Apr May Jun Jul Aug Sep Oct Nov Dec
2020: Jan Feb Mar Apr May Jun Jul Aug Sep Oct Nov Dec
2024: Jan Feb Mar Apr May Jun Jul Aug Sep Oct Nov Dec
2023: Jan Feb Mar Apr May Jun Jul Aug Sep Oct Nov Dec
2022: Jan Feb Mar Apr May Jun Jul Aug Sep Oct Nov Dec
2021: Jan Feb Mar Apr May Jun Jul Aug Sep Oct Nov Dec
2020: Jan Feb Mar Apr May Jun Jul Aug Sep Oct Nov Dec
Report for 2024 March
Monthly Climatological Summary for Mar 2024 Name: KNCCARY10 City: Cary State: NC Elevation: 420 ft Lat: N 35° 48' 48" Lon: W 078° 52' 42" Temperature (°F), Rain (in), Wind Speed (mph) Heat Cool Avg Mean Deg Deg Wind Dom Day Temp High Time Low Time Days Days Rain Speed High Time Dir ---------------------------------------------------------------------------------- 01 46.2 56.1 14:57 33.4 02:51 18.8 0.0 0.63 0.8 18.0 13:46 E 02 55.1 68.9 16:00 48.9 00:00 10.0 0.2 0.63 0.0 20.0 00:08 E 03 60.0 73.7 15:33 50.6 04:25 6.4 1.4 0.00 0.0 8.0 12:28 N 04 58.9 72.2 14:30 46.5 07:03 7.2 1.1 0.00 0.6 16.0 10:48 NNE 05 58.9 68.9 15:10 54.2 06:40 6.4 0.3 0.04 0.0 12.0 00:00 N 06 56.3 58.7 15:36 53.5 06:00 8.7 0.0 0.32 0.0 10.0 16:04 N 07 61.2 73.5 15:39 53.3 07:06 5.6 1.8 0.01 0.1 12.0 11:02 NNE 08 58.0 66.8 12:55 51.0 06:02 7.1 0.1 0.00 1.3 16.0 14:05 E 09 55.1 67.7 16:40 46.8 04:38 10.1 0.1 0.69 1.6 20.0 11:29 SE 10 53.2 61.9 16:03 42.9 23:39 11.3 0.0 0.00 1.8 32.0 15:11 N 11 48.6 63.8 16:52 32.5 07:47 16.4 0.0 0.00 0.4 24.0 12:57 NNW 12 53.7 76.0 16:36 31.7 07:26 13.8 2.5 0.00 0.4 12.0 11:28 SSW 13 59.3 80.7 15:37 39.8 07:37 9.8 4.2 0.00 0.1 10.0 12:37 ESE 14 63.8 83.9 16:05 41.7 07:20 7.3 6.2 0.00 0.5 14.0 13:57 SSW 15 64.8 74.0 12:25 58.0 05:34 2.1 1.9 0.00 0.3 20.0 16:18 SW 16 63.9 75.6 16:05 57.5 05:36 3.1 2.0 0.00 0.5 12.0 16:07 S ---------------------------------------------------------------------------------- 57.3 83.9 14 31.7 12 144.2 21.9 2.32 0.5 32.0 10 E Max >= 80.0 2 Max <= 32.0 0 Min <= 32.0 1 Min <= 0.0 0 Max Rain: 0.69 on day 9 Days of Rain: 6 (>= 0.01 in) 4 (>= 0.10 in) 0 (>= 1.00 in) Heat Base: 65.0 Cool Base: 65.0 Method: Integration