NOAA-Style Climate Reports


Report for 2024 June
                   Monthly Climatological Summary for Jun 2024

Name: KNCCARY10   City: Cary   State: NC
Elevation: 420 ft  Lat: N 35° 48' 48"   Lon: W 078° 52' 42"

                  Temperature (°F), Rain (in), Wind Speed (mph)

                                      Heat  Cool        Avg
    Mean                              Deg   Deg         Wind                 Dom
Day Temp  High   Time   Low    Time   Days  Days  Rain  Speed High   Time    Dir
----------------------------------------------------------------------------------
01  68.6  83.0   14:10  49.4   06:14   4.2   7.8  0.00   0.0   6.0   12:26     N
02  72.2  82.2   15:36  63.8   05:33   0.1   7.4  0.00   0.0  10.0   13:57     N
03  75.6  87.1   16:20  67.6   07:25   0.0  10.6  0.11   0.0   6.0   11:32     N
04  80.0  91.4   15:06  67.6   05:08   0.0  15.0  0.00   0.0   4.0   12:30     N
05  79.6  88.5   16:06  70.6   06:31   0.0  14.6  0.00   0.0   8.0   14:30     N
06  77.8  91.1   16:20  70.8   04:29   0.0  12.9  0.21   0.0  10.0   16:40     N
07  78.7  90.0   17:00  69.1   06:35   0.0  13.8  0.00   0.0   8.0   17:50     N
08  77.3  89.2   16:32  58.1   06:32   0.8  13.1  0.00   0.0   4.0   12:31     N
09  78.5  92.2   13:52  66.5   05:41   0.0  13.5  0.10   0.0   8.0   13:15     N
10  74.5  86.4   14:56  63.9   06:26   0.1   9.5  0.00   0.0   4.0   14:08     N
11  74.9  85.9   13:38  62.1   05:24   0.2  10.1  0.00   0.0   6.0   12:14     N
12  76.1  88.3   16:21  64.1   06:37   0.0  11.2  0.00   0.0   6.0   10:48     N
13  79.3  90.6   11:31  66.3   06:28   0.0  14.2  0.00   0.0  10.0   18:34     N
14  80.9  94.7   15:28  64.4   06:19   0.0  15.9  0.00   0.0   4.0   15:06     N
15  83.2  94.0   16:44  72.9   06:19   0.0  18.2  0.00   0.0   6.0   08:41     N
----------------------------------------------------------------------------------
    77.1  94.7    14    49.4     1     5.4 187.8  0.42   0.0  10.0     2       E

Max >=  80.0 15
Max <=  32.0  0
Min <=  32.0  0
Min <=   0.0  0
Max Rain: 0.21 on day 6
Days of Rain: 3 (>= 0.01 in)  3 (>= 0.10 in)  0 (>= 1.00 in)
Heat Base: 65.0  Cool Base: 65.0  Method: Integration